3178?
22
Calculate the greatest common divisor of 72 and 63.
9
What is the greatest common factor of 50103 and 171?
171
What is the greatest common factor of 16165 and 610?
305
Calculate the greatest common divisor of 35 and 885.
5
Calculate the greatest common factor of 11 and 11.
11
Calculate the highest common divisor of 63 and 1818.
9
What is the highest common factor of 450 and 54?
18
Calculate the greatest common divisor of 245 and 280.
35
Calculate the greatest common factor of 37653 and 231.
231
What is the highest common factor of 89 and 623?
89
What is the greatest common factor of 243 and 108?
27
What is the highest common divisor of 120 and 570?
30
Calculate the greatest common factor of 306 and 374.
34
What is the greatest common divisor of 1311 and 69?
69
Calculate the highest common divisor of 59 and 1829.
59
What is the greatest common divisor of 522 and 36?
18
Calculate the highest common factor of 280 and 784.
56
What is the greatest common divisor of 28 and 924?
28
Calculate the highest common factor of 46 and 46.
46
Calculate the highest common factor of 102 and 561.
51
What is the greatest common factor of 26 and 104?
26
What is the highest common divisor of 188 and 124?
4
Calculate the highest common divisor of 21 and 5684.
7
What is the highest common divisor of 3538 and 58?
58
Calculate the highest common factor of 2485 and 35.
35
Calculate the greatest common factor of 441 and 189.
63
What is the highest common divisor of 76 and 1862?
38
Calculate the greatest common divisor of 35 and 20.
5
Calculate the greatest common divisor of 126 and 3486.
42
Calculate the highest common factor of 1995 and 380.
95
What is the highest common factor of 11 and 473?
11
What is the greatest common divisor of 1 and 128?
1
What is the highest common factor of 48 and 16?
16
What is the greatest common divisor of 7 and 12964?
7
What is the highest common divisor of 5000 and 40?
40
Calculate the greatest common divisor of 7889 and 46.
23
What is the highest common factor of 79 and 155867?
79
Calculate the highest common divisor of 3 and 6711.
3
What is the highest common divisor of 60 and 185?
5
What is the greatest common divisor of 629 and 37?
37
Calculate the highest common divisor of 2700 and 24.
12
What is the highest common factor of 173 and 2?
1
What is the highest common factor of 427 and 183?
61
Calculate the greatest common factor of 10918 and 106.
106
What is the highest common factor of 177 and 118?
59
What is the highest common factor of 198 and 2?
2
What is the greatest common factor of 31 and 4?
1
Calculate the greatest common factor of 1330 and 8930.
190
Calculate the greatest common divisor of 250 and 550.
50
What is the highest common divisor of 19 and 703?
19
What is the highest common divisor of 108 and 132?
12
Calculate the greatest common divisor of 154 and 110.
22
Calculate the greatest common factor of 4 and 714.
2
Calculate the highest common factor of 7011 and 627.
57
Calculate the greatest common divisor of 1034 and 44.
22
Calculate the highest common factor of 21 and 4662.
21
Calculate the highest common divisor of 14 and 25886.
14
Calculate the highest common factor of 20 and 310.
10
What is the highest common factor of 9762 and 2?
2
Calculate the greatest common divisor of 270 and 930.
30
Calculate the greatest common divisor of 134 and 35242.
134
What is the greatest common factor of 100 and 85?
5
Calculate the highest common divisor of 888 and 294.
6
What is the greatest common factor of 46 and 368?
46
What is the greatest common factor of 49 and 833?
49
What is the greatest common factor of 510 and 4335?
255
Calculate the greatest common factor of 10 and 86.
2
What is the highest common divisor of 35 and 665?
35
What is the highest common factor of 45 and 405?
45
Calculate the highest common factor of 68632 and 46.
46
What is the greatest common divisor of 546 and 18?
6
Calculate the highest common divisor of 120 and 30.
30
What is the greatest common divisor of 65 and 299?
13
What is the greatest common divisor of 39601 and 398?
199
Calculate the highest common divisor of 54 and 1224.
18
Calculate the greatest common factor of 72 and 328.
8
What is the greatest common factor of 58 and 435?
29
Calculate the greatest common factor of 595 and 221.
17
What is the highest common factor of 140 and 749?
7
What is the highest common factor of 594 and 132?
66
What is the greatest common factor of 253 and 11?
11
What is the highest common factor of 77 and 5159?
77
Calculate the greatest common divisor of 384 and 48.
48
What is the greatest common factor of 7 and 8?
1
Calculate the greatest common factor of 33 and 792.
33
What is the greatest common factor of 400 and 1680?
80
What is the highest common factor of 5 and 35?
5
Calculate the highest common factor of 130 and 286.
26
Calculate the highest common divisor of 28 and 1316.
28
Calculate the greatest common divisor of 3400 and 130.
10
Calculate the highest common divisor of 19 and 331.
1
What is the greatest common divisor of 3 and 681?
3
Calculate the greatest common factor of 11596 and 13.
13
What is the highest common divisor of 1807 and 13?
13
Calculate the highest common divisor of 18 and 18.
18
What is the highest common divisor of 870 and 18?
6
What is the highest common divisor of 47 and 34263?
47
What is the greatest common factor of 208 and 130?
26
Calculate the highest common divisor of 35 and 280.
35
Calculate the highest common divisor of 3352 and 40.
8
What is the highest common divisor of 243 and 378?
27
Calculate the highest common factor of 6623 and 37.
37
Calculate the highest common factor of 13776 and 123.
123
What is the greatest common divisor of 3 and 5580?
3
What is the greatest common factor of 190 and 266?
38
Calculate the highest common divisor of 12 and 60.
12
Calculate the greatest common divisor of 18 and 3168.
18
What is the highest common divisor of 1096 and 8?
8
Calculate the highest common factor of 110 and 490.
10
Calculate the greatest common factor of 1 and 959.
1
What is the greatest common factor of 60 and 156?
12
Calculate the highest common divisor of 140 and 133.
7
What is the highest common divisor of 317 and 317?
317
What is the greatest common divisor of 441 and 49?
49
What is the highest common divisor of 1786 and 380?
38
What is the greatest common factor of 81 and 1?
1
What is the highest common divisor of 1189 and 1798?
29
Calculate the greatest common factor of 9 and 8793.
9
What is the greatest common factor of 121 and 1?
1
What is the greatest common factor of 9594 and 1170?
234
Calculate the highest common divisor of 528 and 48.
48
What is the highest common factor of 9 and 3?
3
Calculate the greatest common divisor of 11 and 473.
11
What is the highest common divisor of 429 and 78?
39
Calculate the highest common factor of 2009 and 328.
41
What is the greatest common factor of 45 and 3645?
45
What is the greatest common factor of 184 and 12328?
184
What is the highest common factor of 1035 and 45?
45
Calculate the highest common factor of 2000 and 4750.
250
What is the greatest common factor of 171 and 912?
57
What is the highest common factor of 8 and 1576?
8
Calculate the highest common factor of 323 and 85.
17
Calculate the greatest common divisor of 80 and 12080.
80
What is the highest common factor of 9329 and 38?
19
What is the greatest common factor of 16 and 9488?
16
What is the highest common divisor of 64 and 16576?
64
What is the greatest common factor of 40 and 136?
8
What is the highest common factor of 78 and 91?
13
Calculate the highest common divisor of 6179 and 501.
167
Calculate the highest common divisor of 88 and 132.
44
Calculate the greatest common divisor of 6260 and 220.
20
Calculate the highest common divisor of 27 and 29565.
27
Calculate the highest common factor of 24 and 424.
8
Calculate the greatest common divisor of 84 and 96.
12
What is the greatest common divisor of 610 and 10?
10
Calculate the highest common factor of 416 and 52.
52
What is the highest common factor of 273 and 483?
21
Calculate the highest common factor of 336 and 756.
84
What is the greatest common factor of 91 and 13?
13
What is the highest common divisor of 20 and 23030?
10
What is the highest common fa